+ 9. What are the prime factors of f?
7
Let c(b) = 5 + 0*b + 5 + b. Let s be c(-7). What are the prime factors of (-1 + s + 1)*1?
3
Let z = -14 - 2. Let y = z - -30. What are the prime factors of y?
2, 7
Let o be 2 - (4/1 - 2). Let j = 3 - o. Suppose -4*d + 49 = -3*l, j*l + 22 = 3*d - 17. What are the prime factors of d?
2, 5
Let v(d) = -10 - 3*d**3 + 10*d**2 + 2*d - 2*d**2 + 4*d**3. What are the prime factors of v(-7)?
5
Suppose 2*y + 144 = -2*y. Let q = -60 - y. List the prime factors of (-6)/9 - q/9.
2
Let k(z) = 2*z + 1. Let m = 4 - 0. List the prime factors of k(m).
3
Let r = 5 - 2. Suppose -r*k + 36 = -k. List the prime factors of k.
2, 3
Suppose -4*m + 172 = -5*n + 32, -5*m = -4*n - 175. What are the prime factors of m?
5, 7
Let q(a) = -a**2 + 4 + 0*a + 0*a + 2*a. Let o be q(3). Let p = o + 6. List the prime factors of p.
7
List the prime factors of (-502)/(-10) - 5/25.
2, 5
Suppose 210 = 2*b - 14. What are the prime factors of b?
2, 7
Let j = 96 - 66. What are the prime factors of j?
2, 3, 5
Let n = 4 - 2. Suppose -4*d - d = -3*l + n, 4*l = -4*d + 24. Suppose 23 - l = p. List the prime factors of p.
19
Let q = 7 + -7. Suppose q = -y + 2*f + 9, 0*f - 46 = -4*y + 3*f. List the prime factors of y.
13
Suppose -1197 = -27*b + 20*b. What are the prime factors of b?
3, 19
Suppose 5*z = 5, -2*n - 5*z + 185 = n. What are the prime factors of n?
2, 3, 5
Let i be 22*(-1)/3*-3. Suppose 0 = -2*b + i + 8. What are the prime factors of b?
3, 5
Let m = -119 + 201. What are the prime factors of m?
2, 41
Let q = -4 + 9. Suppose -i = -2*i + q*v, 2*i + 5*v = 15. What are the prime factors of 2/(i - 1)*24?
2, 3
Let n(v) = 9*v**3 + v**2 - v + 1. Let k be ((-6)/(-12))/(2/12). Suppose 0 = -k*a - a + 2*b + 6, -b + 1 = 2*a. List the prime factors of n(a).
2, 5
Suppose 3*n = 5*n - 44. Suppose -n = -5*j - 2. List the prime factors of j.
2
List the prime factors of (22/4)/(4 + 572/(-144)).
2, 3, 11
Suppose -3*t + 7 = -5*w + t, 5*t = -2*w - 16. Let j be 1/(-3)*w*8. List the prime factors of (j - 4)*(2 + 1).
2, 3
Suppose 5*k + 16 = -y, -4*k - 5 - 11 = 0. Suppose -5*o + y = 24. What are the prime factors of ((-7)/(-1))/(o/(-8))?
2, 7
What are the prime factors of 510/20*(-8)/(-3)?
2, 17
Suppose 0*o = 8*o - 240. List the prime factors of o.
2, 3, 5
Let b = 8 + 6. List the prime factors of b.
2, 7
Let o(m) = -m**2 - 6*m - 4. Let s be o(-4). Suppose 4*p + 20 = v, -76 + 16 = -3*v - s*p. Let w = v + -9. What are the prime factors of w?
11
Suppose 3 = -m - 2*t, 3*m - 17 + 2 = 2*t. Let o(j) = 0 - 2*j + 6*j**2 + 4 - j**2 + j**m - 2*j**3. What are the prime factors of o(3)?
2
Suppose -2 = -2*w - 0*w + 3*n, -4*n = -w + 1. Suppose 0*b + 19 = 5*s + 2*b, -w = s - 2*b. What are the prime factors of s?
3
Let q(t) = 33*t - 1. List the prime factors of q(1).
2
Suppose 3 = -o - 4*i + 1, -4 = 4*i. Suppose 3*j - 79 = -5*h, -o*h = -5*h + 15. List the prime factors of j.
2, 3
Let a = 20 + -8. List the prime factors of a.
2, 3
Suppose 2*y = 10, 4*b + 0 = 2*y - 54. Let n = 6 + b. What are the prime factors of ((-2)/n)/((-4)/(-20))?
2
Suppose s + 2*t + 19 = t, 0 = -5*s + 2*t - 74. Let h = 5 - 30. Let b = s - h. List the prime factors of b.
3
Let b = -84 - -142. What are the prime factors of b?
2, 29
Suppose 2*k - 72 = -4*f, 0 = 5*k + 4*f - 7*f - 232. What are the prime factors of k?
2, 11
Let u = 162 + -48. Let v be (-3)/(-5) - u/(-10). Suppose -k + v = -3. What are the prime factors of k?
3, 5
Suppose -4*g = -4*j + 4, 5*g - j - 3 = 2*j. Suppose 0 = g*s - 7*s + 88. What are the prime factors of s?
2, 11
Let j be (1 + (-1 - 1))*3. Let x(m) = -m**3 - 4*m**2 - 4*m + 1. Let w be x(j). Suppose -w*r + 11 + 23 = 5*a, 26 = 4*r + a. What are the prime factors of r?
2, 3
Let d(f) be the third derivative of f**5/60 + 3*f**3/2 - f**2. List the prime factors of d(0).
3
Suppose -2*s - 2 = 0, 3*v - 22 = -2*v - 3*s. Let a be v - (-2)/(-2)*3. List the prime factors of a/(-4) + 92/8.
11
Suppose 0 = 5*i + 4*k - 20, -2*k = -4*i - 5 - 5. What are the prime factors of 12 - i - 0/3?
2, 3
Suppose -6*p + 10 = -p. Suppose 7*w - 29 = 4*w - p*b, -3*b + 37 = 4*w. What are the prime factors of w?
13
Let c = -45 - 4. Let m = -26 - c. List the prime factors of m.
23
Let n = 1 + -7. Let c = 16 + n. What are the prime factors of c?
2, 5
Let f(d) = -15*d - 1. Let l(w) = -44*w - 3. Suppose 10 + 14 = 4*n. Let q(p) = n*l(p) - 17*f(p). What are the prime factors of q(-1)?
2
Let u(l) = l**2 + 8*l - 14. List the prime factors of u(-12).
2, 17
Suppose -2*n + 6 + 134 = j, 5*j = 2*n - 140. Let w = -11 - -5. What are the prime factors of n/6 + (-2)/w?
2, 3
Let z = -4 + 24. Suppose 9*g - z = 4*g. Suppose m + g*m + 3*y - 20 = 0, -50 = -5*m + 3*y. What are the prime factors of m?
7
Let o(p) = -p**2 + 7*p - 2. Let f be 3/(-6)*-4 - -2. Suppose -f*d = -d - 15. What are the prime factors of o(d)?
2
Suppose 3*s - 4*c = -2904, 0 = -2*s - 0*s - c - 1947. List the prime factors of (-1)/4 - s/48.
2, 5
Let y(o) = -o**2 + 7*o - 4. Let c be y(6). Suppose i - 25 = 2*v + 2, 95 = 5*i - c*v. What are the prime factors of i?
17
Let l = -34 + 55. Suppose -27 - l = -3*d. Let s = d + -11. List the prime factors of s.
5
Suppose -2*f + 4*z + 2 = 20, f + 3 = -4*z. Suppose 28 = 2*g + 5*p, -3*p - 56 = -g - 3*g. Let r = f + g. What are the prime factors of r?
7
Let w(g) = 6*g + 150. List the prime factors of w(0).
2, 3, 5
Let f = 497 + -278. What are the prime factors of f?
3, 73
Suppose -2*v - 3 - 2 = -l, 4*v + l = -13. List the prime factors of v*2/(-9)*9.
2, 3
Let a(m) = -m**3 - 5*m**2 - 1. Let s be a(-5). Let g = 6 - 4. List the prime factors of (s/(-1) - g) + 11.
2, 5
Let t be (2/(-4))/(7/434). Let v = -4 - t. List the prime factors of v.
3
Let r be (87/12 + -3)*-4. List the prime factors of (r*(-3 + 2))/1.
17
Suppose -4*a + 100 = a. Suppose 4*k - 56 = -a. What are the prime factors of k?
3
Let q = 14 + -10. Let j(f) = 0*f - f + f**2 - f. What are the prime factors of j(q)?
2
Let s = -3 - -37. What are the prime factors of s?
2, 17
Let g = 6 - -2. Let p = 13 - g. List the prime factors of p.
5
Let b = 11 + -3. What are the prime factors of b?
2
Let a be 3 + -3 + -24 + 0. Let m = 34 + a. Suppose -g - 4 = -m. What are the prime factors of g?
2, 3
Let k be (-2)/3 - (-23)/3. List the prime factors of (-37)/(-2)*(-5 + k).
37
Suppose 41 = w - g, 6*w = 2*w + g + 161. List the prime factors of w.
2, 5
Let f = 26 - -12. Let d = 88 - f. List the prime factors of d.
2, 5
Let i = 8 + -6. Suppose y + i = 5. Suppose -y*j + 18 = -0*j. What are the prime factors of j?
2, 3
What are the prime factors of (4/(-20)*-4)/(4/1120)?
2, 7
Suppose 5*r + 5 = -4*s + 24, 2*r - 3 = 3*s. Let d = r - 5. What are the prime factors of ((-20)/d)/(-1 - -2)?
2, 5
Suppose -19 = 5*s - 69. Suppose -5*l - 2*r + 26 = -5*r, -r + s = 3*l. What are the prime factors of l?
2
Let c(m) be the second derivative of -m**4/12 + m**3/3 + m**2 + m. Let h be c(3). Let w(b) = 6*b**2 + b + 1. What are the prime factors of w(h)?
2, 3
Let n be ((-6)/(-8))/((-6)/168). Suppose -2*o = -5*o - 33. Let b = o - n. What are the prime factors of b?
2, 5
Let g(l) = -8*l**3 - 5*l**2 + 1. What are the prime factors of g(-2)?
3, 5
Suppose 2*p - 4*m - 526 = -3*p, -4*m = p - 86. List the prime factors of p.
2, 3, 17
List the prime factors of (-1)/(-6) - 692/(-24).
29
Suppose -5*i = -3*f + 8*f - 240, -5*f - 96 = -2*i. Let r be (i/(-15))/((-1)/5). Let m = r - 6. List the prime factors of m.
2, 5
Let b be 18/4 + 4/(-8). Let p = 2 - 0. Suppose p*j + 24 = b*j. What are the prime factors of j?
2, 3
Suppose j + 2 = -0*j, -5*x + 4*j + 853 = 0. What are the prime factors of x?
13
List the prime factors of (-4)/(-26) + 2580/130.
2, 5
Let p(q) = q**2 + 2*q. List the prime factors of p(-6).
2, 3
Let c = 6 - -1. Suppose 20 + c = 3*v. List the prime factors of v.
3
Suppose -m + 2*v = -0*m + 17, 0 = 4*v - 4. What are the prime factors of (-2)/(-5) - 159/m?
11
Let g(i) = i**3 + 15*i**2 + i + 21. Suppose 0 = -s + 4*s + 45. List the prime factors of g(s).
2, 3
Let x(d) = -2*d + 3. Let u be x(-4). Let i = -7 + u. List the prime factors of i.
2
Suppose 5 = 5*k - 0. Let l = k + -2. What are the prime factors of l + 0 + 6/2?
2
Suppose -6*a + 12 = -240. What are the prime factors of a?
2, 3, 7
Suppose -6*f = 302 - 818. List the prime factors of f.
2